of (210/8)/((-322)/(-848792))?
6
Suppose 28845 = 15*i - 11442 - 273. What is the tens digit of i?
0
Let w(d) = -516*d - 142. What is the hundreds digit of w(-1)?
3
Suppose -2*j + 7*u + 534 = 4*u, -277 = -j - u. Let m(h) = -232*h - 7. Let s be m(-2). Let b = s - j. What is the tens digit of b?
8
Suppose 0 = 4*f + 24, 76843 = x - 198*f + 194*f. What is the units digit of x?
9
Let b = 31665 - 20901. What is the units digit of b?
4
What is the tens digit of (10/(-12))/(-5) + (-996034)/(-156)?
8
Suppose h = 3*y + 62, -y - 25 = 7*h - 3*h. Let o = 56 + y. What is the units digit of 4/14 + 0 - (-3595)/o?
3
Suppose -9*q - 4*o + 64473 = -4*q, 4*q - 51564 = -5*o. What is the ten thousands digit of q?
1
Let j(z) be the third derivative of -z**6/120 - 7*z**5/30 + z**4/12 + 17*z**3/6 - 9*z**2 + 41. Let u = -19 - -4. What is the tens digit of j(u)?
1
Let g(l) = -l**3 - 11*l**2 - 2*l - 6. Let k be g(-11). Let z be (4/k + 0)*-4 - -3. Suppose 0 = z*n - t - 118, -4 = -0*t + t. What is the units digit of n?
7
Let f(j) = 6*j**3 - 4*j + 4. Let o be f(2). Let g be o - -1 - (-16 - -13). Let d = g - -8. What is the tens digit of d?
5
Suppose 18*l = -8*l + 16094. Let d = 687 - l. What is the tens digit of d?
6
Suppose -2248*c = -2237*c - 43219. What is the thousands digit of c?
3
Suppose 2*k + 72 = 2*x, -6*k + 172 = -11*k - 3*x. What is the units digit of (-4)/(-10) - 26691/k?
3
Let l be 1/((-2361)/1179 - -2). Let y = l + 853. What is the tens digit of y?
6
Suppose -7*b - 38 = 116. Let j be (b/77)/(2/(-28)). What is the units digit of (-99)/6*j/(-6)?
1
Let h be 84/(-48) - 12/(-16). Let l(f) be the third derivative of -2*f**4 + f**2. What is the units digit of l(h)?
8
Suppose 2*a - 28 = -2*z, 3*a + z = -4*z + 52. Suppose a*d - 382 - 3326 = 0. What is the hundreds digit of d?
4
Let a(g) = g**3 - 7*g**2 - 9*g + 6. Let d(t) = t**3 - 12*t**2 + 3*t - 27. Let i be d(12). What is the units digit of a(i)?
7
Let n(y) = y**2 + 3*y - 2. Let r be n(-5). Let h be (10/(-8))/(29/(-1740)*25/2). Suppose -h*c = -r*c + 314. What is the units digit of c?
7
Suppose -4*v + 6587 = 5*y + 646, -5948 = -5*y + 3*v. Suppose -1025 - y = -18*j. What is the tens digit of j?
2
Let p = 83 - 87. What is the units digit of (p/(-6))/(8/5436)?
3
Suppose -5*h - 8 = 17, 10 = 5*g - 2*h. Suppose -o + 41 = 2*s, g*o - 19 = -s + o. Let r = s + 17. What is the units digit of r?
7
Suppose -690*k = -4887792 - 61475 + 172397. What is the hundreds digit of k?
9
Let o(f) = 48*f + 11. Let u(p) = p**2 - 10*p + 33. Let y be u(5). What is the hundreds digit of o(y)?
3
Suppose 0 = -3*y + 12, 0 = -3*l + 3*y + 20516 + 28144. What is the tens digit of l?
2
Let q be (12/(-10))/((-27)/900). What is the hundreds digit of 2*(-1550)/q*16/(-1)?
2
Suppose -10*a + 140 = -40. Suppose 5*g = -2 - 3. What is the tens digit of 1 + (1344/a - g/3)?
7
Let f(t) = t**3 - 28*t**2 + 75*t - 3. Let b be f(25). What is the units digit of b + 48*300/18?
7
Suppose 2*i = -i + 6. Suppose -11*h - i*h = -156. What is the tens digit of 52/(-10)*15*(-8)/h?
5
Suppose 56611 = 46*y - 686427. What is the ten thousands digit of y?
1
Let f(q) = 24*q**2 + 70*q + 95. What is the tens digit of f(24)?
9
Let n = -39 - -44. Suppose -4*p + 292 = r, -2*r - 89 = 2*p - 241. Suppose -2*k + n*k = p. What is the units digit of k?
4
What is the units digit of -13 + 18 + 0 + -4 + (-294894)/(-9)?
7
Let j(m) = 7*m**2 - 13*m + 12. Let n be j(5). Let q = n + 218. Suppose 2*z + 9*a - 188 = 4*a, -4*z = a - q. What is the units digit of z?
4
Let s(j) = -j - 5. Let g = 0 + -8. Let i be s(g). Suppose -4*x + i*u = -155, -5*x + 3*x = -2*u - 78. What is the units digit of x?
8
Let z(d) = -6*d**3 - 35*d**2 - 226. What is the ten thousands digit of z(-18)?
2
Suppose 2*s + 1132 + 485 = f, 8045 = 5*f - 2*s. What is the thousands digit of f?
1
Suppose 13*b + 0*b = 18655. Suppose 12*w - 7649 = b. What is the tens digit of w?
5
Let c(h) = -88*h + 4. Let u be c(1). Let a = u + 86. Suppose -82 = -a*p - 30. What is the tens digit of p?
2
What is the thousands digit of (10 + -1 + -2)*1283?
8
Let s = -34 + 34. Let k = -61 - -61. Suppose k = -4*u + 12, -3*d + s*u + 228 = -u. What is the tens digit of d?
7
Suppose k = -3*s + 977, -621 = 2*k + s - 2605. What is the tens digit of k?
9
Let a = 41 + -26. Let r = a + 53. What is the units digit of (r/5)/(5/25)?
8
Let c = -13813 - -23652. What is the thousands digit of c?
9
Suppose 0 = -12*c + 10*c. Suppose c = 27*o - 5767 - 1145. What is the units digit of o?
6
What is the tens digit of 909876/39 + ((196/91)/7)/(-2)?
3
Suppose -4*q = -7*q - b + 216, 5*b = -3*q + 228. Suppose -66*z - 380 = -q*z. Suppose -2*k + z = 2*k. What is the tens digit of k?
1
What is the hundreds digit of ((-327)/42 + 32/112)*-1606?
0
What is the ten thousands digit of -81*(-318)/2 + 15/3?
1
Suppose 0 = -39*c + 23*c - 16. What is the units digit of c/(-4) + (3 - 16681/(-28))?
9
Suppose 3*z + l = 70851, 67*z = 71*z - 3*l - 94442. What is the tens digit of z?
1
Let p(u) = 927*u**3 - 11*u**2 + 56*u - 70. What is the tens digit of p(3)?
2
Let a(c) = 12*c**2 + c - 1. Let k be a(1). Suppose -5*n = -k*n + 616. What is the tens digit of n + -2 + 18/(-9)?
8
Suppose -5*q + 56 = -i, 0 = -2*i + 6*i - 16. Let h = q + -9. Suppose -h*z + 12*z = 945. What is the units digit of z?
5
Let y be (-8688)/(-128) - 3/(-24). Suppose -y*n + 1595 = -63*n. What is the hundreds digit of n?
3
Let n = -4 - -4. Suppose 2 + n = -g. What is the hundreds digit of 2/4 - 295/g?
1
Let x(w) = 8*w - 6. Let d(y) = 3*y**3 + 2*y - 1. Let h be d(1). Suppose 5*b - 63 = h*a, -a = -5*b - 2*a + 78. What is the units digit of x(b)?
4
Let s = -1114 + 3190. Let j = s + -1340. What is the hundreds digit of j?
7
What is the ten thousands digit of (459/18 + -14)*3214?
3
Suppose -8*r + 3*p = -102346, -284*p - 38349 = -3*r - 288*p. What is the hundreds digit of r?
7
Let f be -4 - (6/1 - -15). What is the hundreds digit of (-115)/f - 5 - 1794/(-10)?
1
Suppose 1385 = -37*o + 42*o. Suppose -x - 4*d = -475, 2*x - 697 = -2*d + o. What is the tens digit of x?
9
Let u(o) = 10*o + 8 + 3*o**3 - 18*o**2 + 7 - 14 + 10. What is the units digit of u(8)?
5
Suppose 0 = -i - 3*i, 5*i = 5*n - 10. Suppose -11 = b - n*b - 2*x, 5*x = 4*b - 5. Suppose -w + 2*g = -1 - 34, -181 = -b*w + 4*g. What is the units digit of w?
7
Suppose -17223 - 127648 = -12*z + 40037. What is the units digit of z?
9
Suppose 2*x - 657 = -2755. Let l = 1738 + x. What is the tens digit of l?
8
What is the thousands digit of 2003235/156*(0 + 32/20)?
0
What is the thousands digit of -14 + 7 - -20 - -4570?
4
Suppose 8157 = 3*a + 3*f, -2*a + f + 3934 = -1489. What is the thousands digit of a?
2
Let y(f) = f**3 + 19*f**2 - 32*f + 31. Let c be y(-16). Let r = c + -683. What is the hundreds digit of r?
6
Suppose 2*h - 6*h + 16 = 0. Let p be 122*6/2*(-8)/h. What is the tens digit of (p/9)/(1 - 10/6)?
2
Let x = 1092 - 3888. Let a = x + 3929. What is the tens digit of a?
3
Let h = 55 + -45. Suppose 0 = -5*y + h, -58 = w + 5*y - 319. What is the tens digit of w?
5
Let k(n) = -6*n + 94. Let u(d) = -d**2 + 9*d - 2. Let a be u(7). What is the tens digit of k(a)?
2
What is the ten thousands digit of 15/20 - (5184378/(-72) + 5)?
7
Let q be (304/40)/((-72)/(-70) + -1). Suppose 0 = -2*h + q + 970. What is the tens digit of h?
1
Let m = -78 - 36. Let p be (-3366)/204*(3 - -1). Let c = p - m. What is the units digit of c?
8
Let m = -28 - -192. Let a = 330 - m. What is the units digit of 5/10*a + -1?
2
Let x = -619 + 663. Suppose -x*r + 20586 + 23062 = 0. What is the units digit of r?
2
Suppose 3*o = 2*n - 16295, 3*n - 34513 = 3*o - 10072. What is the thousands digit of n?
8
Suppose 0 = 4*u - 3*v - 3863 - 24126, 5*u = v + 34989. What is the tens digit of u?
9
Let l(r) = -r**2 - 29*r - 26. Let z(b) = b**2 - 12*b - 2. Let a be z(10). Let x be l(a). What is the hundreds digit of x - (-2 + (0 - -6))?
1
Suppose 2*t + 22 = 3*o, 49 = 4*o - t + 13. Let m = 16 - o. Let q(r) = 3*r**2 - 5*r - 1. What is the units digit of q(m)?
7
Let z(q) = 168*q**2 - 2*q - 7. Let h be ((-57)/(-38))/(6/(-8)). What is the units digit of z(h)?
9
Let q = 21 + -18. Suppose 0 = -q*h + 4*d + 656 + 322, -3*d - 1619 = -5*h. Suppose -5*p = 4*g - 538, h = 3*p - 0*p + 2*g. What is the units digit of p?
6
Let d be (-12)/(-9)*(-1 + (-178)/(-4)